sor of 6651 and 9?
9
What is the highest common divisor of 156 and 273?
39
What is the highest common divisor of 12 and 1644?
12
What is the greatest common factor of 1517 and 185?
37
Calculate the highest common divisor of 8 and 344.
8
Calculate the greatest common factor of 2175 and 696.
87
What is the greatest common factor of 858 and 22?
22
Calculate the greatest common factor of 70 and 5110.
70
What is the greatest common factor of 3496 and 460?
92
Calculate the highest common factor of 34 and 85.
17
What is the greatest common factor of 14 and 658?
14
What is the greatest common divisor of 66 and 6?
6
Calculate the highest common divisor of 289 and 238.
17
What is the greatest common divisor of 28 and 882?
14
Calculate the highest common divisor of 22 and 506.
22
What is the greatest common divisor of 21 and 6?
3
What is the greatest common divisor of 656 and 32?
16
Calculate the highest common divisor of 7 and 6671.
7
Calculate the highest common divisor of 54 and 882.
18
What is the greatest common factor of 897 and 117?
39
Calculate the greatest common divisor of 8 and 1376.
8
What is the highest common divisor of 208 and 221?
13
What is the greatest common factor of 154 and 13244?
154
Calculate the greatest common divisor of 154 and 242.
22
What is the greatest common divisor of 102 and 289?
17
Calculate the highest common factor of 28 and 119.
7
What is the highest common factor of 603 and 134?
67
Calculate the highest common factor of 40 and 39320.
40
What is the greatest common factor of 25 and 5965?
5
What is the greatest common factor of 28 and 133?
7
Calculate the highest common divisor of 1050 and 750.
150
What is the highest common divisor of 7898 and 44?
22
What is the greatest common divisor of 3390 and 10?
10
What is the highest common factor of 513 and 19?
19
Calculate the greatest common divisor of 477 and 1802.
53
What is the greatest common divisor of 290 and 928?
58
What is the highest common factor of 25 and 70?
5
What is the highest common divisor of 2915 and 55?
55
What is the greatest common factor of 314 and 157?
157
Calculate the highest common divisor of 15670 and 10.
10
What is the greatest common factor of 9 and 5571?
9
Calculate the highest common factor of 1632 and 51.
51
Calculate the highest common factor of 90 and 190.
10
Calculate the highest common factor of 5176 and 8.
8
What is the highest common divisor of 300 and 720?
60
Calculate the greatest common divisor of 42 and 4956.
42
What is the greatest common factor of 15064 and 112?
56
Calculate the highest common divisor of 4 and 144.
4
Calculate the greatest common divisor of 183 and 15311.
61
What is the highest common divisor of 7 and 651?
7
What is the highest common divisor of 10 and 35?
5
What is the highest common factor of 24576 and 96?
96
Calculate the greatest common divisor of 6215 and 904.
113
Calculate the greatest common factor of 377 and 13.
13
Calculate the greatest common factor of 36 and 2682.
18
Calculate the greatest common divisor of 305 and 5.
5
What is the greatest common divisor of 55 and 2453?
11
Calculate the greatest common factor of 63 and 7.
7
What is the highest common factor of 290 and 180?
10
Calculate the greatest common divisor of 14 and 34.
2
Calculate the highest common divisor of 99 and 225.
9
Calculate the highest common factor of 1891 and 61.
61
What is the highest common divisor of 946 and 726?
22
Calculate the highest common divisor of 195 and 9.
3
What is the highest common divisor of 3160 and 320?
40
Calculate the greatest common divisor of 440 and 120.
40
What is the greatest common factor of 34650 and 63?
63
What is the greatest common divisor of 152 and 1786?
38
What is the greatest common factor of 4 and 1942?
2
Calculate the greatest common divisor of 994 and 560.
14
What is the greatest common divisor of 126 and 72?
18
Calculate the highest common factor of 12 and 144.
12
What is the highest common divisor of 5216 and 8?
8
Calculate the highest common divisor of 144 and 9432.
72
What is the highest common factor of 1411 and 17?
17
Calculate the greatest common divisor of 357 and 102.
51
What is the greatest common divisor of 132 and 24?
12
What is the highest common divisor of 28 and 25046?
14
What is the highest common factor of 3712 and 128?
128
What is the greatest common factor of 20 and 2536?
4
Calculate the greatest common factor of 9681 and 84.
21
Calculate the highest common factor of 40 and 30.
10
Calculate the highest common divisor of 7 and 1351.
7
What is the greatest common factor of 260 and 10075?
65
What is the greatest common factor of 200 and 56?
8
Calculate the greatest common factor of 80 and 4460.
20
Calculate the greatest common divisor of 21 and 2625.
21
Calculate the greatest common factor of 11800 and 200.
200
Calculate the highest common factor of 288 and 36.
36
What is the highest common factor of 14 and 4942?
14
Calculate the highest common factor of 14504 and 588.
196
Calculate the highest common factor of 31 and 868.
31
Calculate the greatest common factor of 441 and 9.
9
What is the highest common factor of 146366 and 11?
11
What is the highest common factor of 94 and 16732?
94
Calculate the greatest common factor of 1320 and 96.
24
Calculate the greatest common divisor of 18 and 666.
18
Calculate the highest common factor of 490 and 28.
14
Calculate the highest common factor of 16 and 61360.
16
What is the highest common factor of 15 and 65?
5
What is the greatest common divisor of 1800 and 84?
12
Calculate the highest common divisor of 3 and 6.
3
Calculate the greatest common divisor of 88 and 99.
11
What is the greatest common factor of 64 and 5408?
32
What is the greatest common divisor of 6 and 75?
3
Calculate the greatest common divisor of 144 and 36.
36
Calculate the greatest common divisor of 113 and 8249.
113
What is the greatest common divisor of 300 and 1572?
12
Calculate the highest common factor of 552 and 536.
8
Calculate the highest common divisor of 767 and 39.
13
Calculate the highest common divisor of 24 and 584.
8
Calculate the highest common factor of 100 and 60.
20
What is the highest common factor of 280 and 970?
10
What is the highest common factor of 102 and 4488?
102
Calculate the greatest common factor of 1260 and 21.
21
Calculate the greatest common divisor of 462 and 264.
66
What is the highest common divisor of 1 and 6266?
1
What is the highest common factor of 10 and 13?
1
What is the greatest common factor of 56 and 1400?
56
Calculate the highest common divisor of 14 and 1246.
14
What is the greatest common divisor of 133 and 38?
19
What is the greatest common factor of 1623 and 9?
3
What is the greatest common divisor of 285 and 456?
57
Calculate the greatest common divisor of 45 and 2.
1
What is the greatest common divisor of 1241 and 17?
17
Calculate the greatest common divisor of 58 and 87.
29
Calculate the greatest common factor of 5338 and 34.
34
What is the greatest common divisor of 140 and 385?
35
Calculate the greatest common divisor of 221 and 68.
17
What is the greatest common divisor of 564 and 12?
12
Calculate the highest common divisor of 781 and 44.
11
What is the highest common factor of 247 and 78?
13
What is the highest common factor of 610 and 10?
10
What is the highest common divisor of 41 and 4141?
41
What is the highest common divisor of 272 and 238?
34
Calculate the greatest common factor of 238 and 98.
14
What is the highest common divisor of 22 and 803?
11
Calculate the greatest common factor of 336 and 105.
21
Calculate the highest common factor of 125 and 55.
5
What is the greatest common factor of 127 and 1?
1
What is the greatest common factor of 27 and 639?
9
What is the highest common divisor of 2415 and 595?
35
Calculate the greatest common divisor of 1128 and 168.
24
Calculate the greatest common divisor of 47 and 517.
47
Calculate the greatest common divisor of 40 and 16090.
10
Calculate the greatest common factor of 6969 and 759.
69
What is the highest common divisor of 159 and 840?
3
What is the greatest common divisor of 740 and 40?
20
What is the highest common factor of 19 and 16397?
19
Calculate the greatest common divisor of 66 and 2586.
6
What is the greatest common divisor of 4520 and 60?
20
Cal